111001011
In base 3, what is 22120110110 - -1201?
22120112011
In base 3, what is -121011002101 + 210?
-121011001121
In base 8, what is 25270531 + 10?
25270541
In base 12, what is 126868 - -17?
126883
In base 4, what is 3001 + 1213111302?
1213120303
In base 2, what is -10001110110000001111001 + 1000?
-10001110110000001110001
In base 9, what is 205715 + -2724?
202881
In base 2, what is -100 + 1001100001010011010111010001?
1001100001010011010111001101
In base 10, what is -26265 - 228?
-26493
In base 11, what is 189 + 11331?
1150a
In base 3, what is -2011 + 1112211020?
1112202002
In base 2, what is 100000001110000111010101100 + -100?
100000001110000111010101000
In base 8, what is -630 + -3754543?
-3755373
In base 9, what is 47 - -1360465?
1360523
In base 4, what is 203233131 - -21302?
203321033
In base 13, what is -25c80a5 + -2?
-25c80a7
In base 8, what is 23463 + -5377?
16064
In base 13, what is -876 + 2244?
169b
In base 12, what is 34aa2b - -2a?
34aa59
In base 10, what is -2 + -14447916?
-14447918
In base 6, what is 1 - 4435353331?
-4435353330
In base 16, what is -4 - 1e4bcf7?
-1e4bcfb
In base 15, what is -147b - 95c8?
-aa54
In base 14, what is -16bc82 + 1?
-16bc81
In base 2, what is -110 + -10100001000101000101000?
-10100001000101000101110
In base 16, what is -502 - 375?
-877
In base 16, what is 159 - 95fd?
-94a4
In base 4, what is -1 + -102211302103130?
-102211302103131
In base 9, what is -432444 + -83?
-432537
In base 5, what is -133144 + 3002?
-130142
In base 3, what is 102 + -22121121001001?
-22121121000122
In base 13, what is -21b20297 - -5?
-21b20292
In base 2, what is 100100011010 + 1010100010011?
1111000101101
In base 14, what is -11 + -3aa0d4d?
-3aa0d60
In base 9, what is 2852 + 730?
3682
In base 10, what is 8 - -120635?
120643
In base 16, what is -15 - 81d6c?
-81d81
In base 16, what is -2ec76e3 + 3?
-2ec76e0
In base 11, what is -5 + 39610885?
39610880
In base 10, what is 1 + -117828558?
-117828557
In base 13, what is -14a75a81 + -a?
-14a75a8b
In base 16, what is 33e44f3 - 0?
33e44f3
In base 10, what is 177222114 - -2?
177222116
In base 7, what is -5 - -110464555?
110464550
In base 7, what is -4551 - -1025262?
1020411
In base 6, what is 5 - 13235043144?
-13235043135
In base 4, what is 323033220 + -313?
323032301
In base 15, what is -c421 + b35?
-b7db
In base 15, what is -25e6de00 + 5?
-25e6ddea
In base 6, what is 31 - 31451553?
-31451522
In base 10, what is 158 - 112425?
-112267
In base 10, what is -763439 - -8?
-763431
In base 8, what is 102051362 + -4?
102051356
In base 5, what is -1 - 20220031224?
-20220031230
In base 8, what is -27430406 - -22?
-27430364
In base 4, what is 22301 + 101001310?
101030211
In base 12, what is -130a75 + 28b?
-1307a6
In base 2, what is -110111011 + -100000010000010?
-100001000111101
In base 3, what is 21001002 - 12012122?
1211110
In base 14, what is -7 - 53c993?
-53c99a
In base 5, what is 0 + 30343203?
30343203
In base 4, what is -20013 - -121212?
101133
In base 9, what is -10875870 + 44?
-10875825
In base 5, what is -301 + -4300113?
-4300414
In base 3, what is 1000 - -221121101212?
221121102212
In base 4, what is -11 + -113320003031?
-113320003102
In base 6, what is -1050 + 24423122?
24422032
In base 11, what is 0 - 1285040?
-1285040
In base 15, what is -5814 + 356c?
-2297
In base 2, what is 1011010010111010011000 - -1?
1011010010111010011001
In base 15, what is -2c81953 + 2?
-2c81951
In base 3, what is -122102 + -102012222?
-102212101
In base 3, what is 21011102 - -10000200010?
10021211112
In base 8, what is -240672 - -1312?
-237360
In base 15, what is -3c + -132a51?
-132a8d
In base 7, what is 0 - -125366564?
125366564
In base 14, what is 3b76a8 + -4?
3b76a4
In base 10, what is -4 - -7729578?
7729574
In base 6, what is 22 - -211211100?
211211122
In base 9, what is 6 - 2113235?
-2113228
In base 15, what is -24c0 + -65b?
-2b2b
In base 7, what is -10 - -1531466?
1531456
In base 4, what is 11331221 - 3013?
11322202
In base 15, what is -26337 - -3?
-26334
In base 10, what is -4842658 + 3?
-4842655
In base 10, what is -239 + -24446?
-24685
In base 7, what is 244124 + -615?
243206
In base 9, what is -24086 + 55?
-24031
In base 13, what is a86b02 - -5?
a86b07
In base 13, what is 1b147 - 2?
1b145
In base 5, what is -4430 - -13320332?
13310402
In base 9, what is -21125514 + 5?
-21125508
In base 2, what is 11101 + -10110001010110110001?
-10110001010110010100
In base 15, what is 1ce94 - -46?
1ceda
In base 10, what is 17400 - -12712?
30112
In base 5, what is -4 + 3234110?
3234101
In base 14, what is 10885 + -4d?
10836
In base 10, what is 4 - 14301311?
-14301307
In base 2, what is -10001000010 + -11101001110000?
-11111010110010
In base 9, what is 1462 - 6156?
-4584
In base 8, what is -467403 + -77?
-467502
In base 5, what is 201111041401 + -3?
201111041343
In base 15, what is 407b02 - 3?
407aee
In base 12, what is 478769 - 5?
478764
In base 12, what is -5 - -875137b5?
875137b0
In base 6, what is 54434 - 221431?
-122553
In base 10, what is -16 + -38173?
-38189
In base 12, what is -12a42 + -164?
-12ba6
In base 10, what is 9902 - 3667?
6235
In base 15, what is -1ce2 - -30?
-1cb2
In base 14, what is 776664 + -d?
776655
In base 6, what is 42215 + 54?
42313
In base 10, what is 377909 - -746?
378655
In base 2, what is 100 - 11001100010110?
-11001100010010
In base 13, what is -7 + 33bcca?
33bcc3
In base 11, what is 5aa9a3 + -66?
5aa938
In base 14, what is 2 + 1d164a1?
1d164a3
In base 2, what is 110001101 - -10000101011001111001?
10000101100000000110
In base 9, what is 1254817 + -813?
1254004
In base 11, what is 0 + a628979?
a628979
In base 2, what is -10101100011000010111000 - 1?
-10101100011000010111001
In base 3, what is 2211202202 - -221200?
2212201102
In base 5, what is -100 + 1133444421?
1133444321
In base 7, what is 311 - -11361300?
11361611
In base 13, what is -2944 - 10c51?
-13895
In base 8, what is 30 + 1152543?
1152573
In base 4, what is 1112021320223 + -103?
1112021320120
In base 11, what is 4346 + 1587?
5922
In base 15, what is 4 - 447920b?
-4479207
In base 12, what is -119435 + -65b?
-119a94
In base 12, what is -29164b + -10?
-29165b
In base 14, what is -3711 + -495?
-3ba6
In base 14, what is -4d - 1ab0a44?
-1ab0a93
In base 10, what is 11425 - -15524?
26949
In base 10, what is -4 - -51992880?
51992876
In base 7, what is -4425021 + -12?
-4425033
In base 6, what is -1301051334 - 34?
-1301051412
In base 2, what is 11001010101100001011 - 1000?
11001010101100000011
In base 10, what is 21291 + 838?
22129
In base 7, what is -4 - 3433014414?
-3433014421
In base 13, what is 45b6876 + 5?
45b687b
In base 4, what is 1021301323001 - 332?
1021301322003
In base 15, what is 21bea84 - 22?
21bea62
In base 12, what is -3 - -1403922?
140391b
In base 12, what is 1760491b + 5?
17604924
In base 3, what is -102120 - 2110200000221?
-2110200110111
In base 16, what is 200b - -1b0?
21bb
In base 10, what is 177 - -150833?
151010
In base 7, what is 20144 + 24242?
44416
In base 14, what is -c8765 - 2?
-c8767
In base 10, what is -11526 - -2733?
-8793
In base 9, what is 23 - 3341078?
-3341055
In base 11, what is 2a025a896 - 1?
2a025a895
In base 6, what is 113303 + -4145?
105114
In base 4, what is -1123330 + -22122310?
-23312300
In base 7, what is 154 - -542666?
543153
In base 3, what is 21112 + -10120222121?
-10120201002
In base 10, what is 148510061 + 1?
148510062
In base 10, what is 0 - -604799?
604799
In base 6, what is 11 - -4151403321?
4151403332
In base 13, what is 17 + -15bc24?
-15bc0a
In base 2, what is -1111001000111001001 - 1100101010?
-1111001010011110011
In base 16, what is 7accc34 + -5?
7accc2f
In base 10, what is 63930 - -496?
64426
In base 8, what is -13413266 - -135?
-13413131
In base 6, what is 5 + 331414203?
331414212
In base 13, what is 134595c + -1?
134595b
In base 7, what is 35241251 + 5?
35241256
In base 16, what is 54312ed8 - 1?
54312ed7
In base 5, what is -331303121021 - 0?
-331303121021
In base 14, what is 35 + -203514?
-2034bd
In base 15, what is -1c70c8 + -16c?
-1c7245
In base 11, what is 4a + -4097340?
-40972a1
In base 3, what is 122 + 1020201111220010?
1020201111220202
In base 5, what is -10140330023 + -2?
-10140330030
In base 10, what is -175283063 - 4?
-175283067
In base 2, what is -1100111011110000001111000 